15 is divided by i.
37
Suppose d - 150 - 666 = -5*h, -5*d = -5. Suppose 0 = -3*s + 4*l + 228, 2*s = -2*l + 136 + 44. What is the remainder when h is divided by s?
79
Let z = 388 - 384. Suppose -3*g + 2048 = 4*p - 0*g, -z*g + 16 = 0. Calculate the remainder when p is divided by 30.
29
What is the remainder when 47 is divided by (-2)/13 + 9062/598?
2
Let q(x) be the second derivative of -x**5/20 + 31*x**4/12 + 13*x**3/2 - 79*x**2/2 + 2*x + 5. Calculate the remainder when q(32) is divided by 7.
5
Let z = 6 + 7. Suppose 3*m - 4*k + 8*k = 13, -m + 17 = -5*k. Suppose 0 = -2*t + m*t - 50. What is the remainder when z is divided by t?
3
Suppose -78*m = -3290 - 4822. Calculate the remainder when m is divided by 15.
14
Suppose 4*f + 360 = -3*j - 1513, j = -3*f - 1406. Let p = f - -476. What is the remainder when 52 is divided by p?
3
Suppose 18 = -8*s + 11*s. Suppose 109 + 89 = s*v. Calculate the remainder when 263 is divided by v.
32
Let y(o) = -1045*o + 14757. Let r = 42 - 26. What is the remainder when y(14) is divided by r?
15
Let r(n) = 2*n**2 + 3*n - 22. Let h be r(7). Let j = h + -71. Calculate the remainder when j is divided by 15.
11
Let f = -380 + 425. Suppose -v - 2*m + 346 = 3*v, 4*v = 5*m + 353. What is the remainder when v is divided by f?
42
Suppose -6*m + 2550 + 2118 = 0. What is the remainder when m is divided by 52?
50
Suppose -117*m = -105*m - 2760. Suppose 6*i - m = 142. Calculate the remainder when i is divided by 23.
16
Suppose 0 = 2*t - 3*t + 2*q - 4, t - 5*q = -4. Calculate the remainder when ((-2620)/30)/(t/6 - 0) is divided by 27.
23
Let i(j) = 2*j**2 - 68*j + 18. Let o(n) = 16*n + 34. Let p be o(0). Calculate the remainder when 215 is divided by i(p).
17
Let k be -4 + -2 + 15 - 9. Suppose k = 34*z - 44*z + 330. What is the remainder when (2/(-3))/((-1)/93) is divided by z?
29
Suppose -52 = 5*t + 3*b, 5*t + 0 = 3*b - 28. Calculate the remainder when -2*4/t + 442 is divided by 37.
36
Suppose 18007 = 22*m + 3355. What is the remainder when m is divided by 45?
36
Let t(d) be the second derivative of d**5/20 - d**4/12 - 4*d**3/3 - 3*d**2 - 2*d - 36. What is the remainder when t(4) is divided by 5?
0
Suppose 2*k + 934 + 1082 = 3*p, 5*k = 15. What is the remainder when p is divided by 297?
80
Suppose -336 = -114*a + 112*a - 10*z, -750 = -5*a + 5*z. Suppose 4*v - 150 = 3*i, -i + 6*i = 5*v - 185. Calculate the remainder when a is divided by v.
36
Let g = -1375 - -2799. Suppose -5*m + 143 = 3*w, 0 = -5*m - 4*w + 160 - 21. What is the remainder when g is divided by m?
29
Suppose c = -208 + 222. Suppose c*o + 2*o - 192 = 0. What is the remainder when o is divided by 11?
1
Suppose -k - 2*y + 4 = -1, -3*y = 15. Calculate the remainder when 350 is divided by k.
5
Let a = 7399 + -7389. What is the remainder when 848 is divided by a?
8
Suppose 4*x = s + 12, 4*s - 2*x + 8 = 16. Suppose s*u - 54 - 214 = 0. Calculate the remainder when u is divided by 5.
2
Let y = -2 - -15. Suppose -64*l + 1708 = -9044. What is the remainder when l is divided by y?
12
Let t = -83 - -83. Suppose 3*z - z + 104 = t. Let v = z + 75. Calculate the remainder when 57 is divided by v.
11
Let v = -116 - -146. Suppose -44 = -3*i - 17. Calculate the remainder when i is divided by ((-27)/(-15))/(-9*(-2)/v).
0
Let g(b) = -35*b**3. Suppose 0 = 7*m - 553 - 217. Suppose 0 = 108*c - m*c + 138. What is the remainder when c is divided by g(-1)?
34
Let c(q) = -11*q - 311. What is the remainder when c(-87) is divided by 212?
10
What is the remainder when (-4)/((-21 + 6)/1710) is divided by 86?
26
Let j(q) = -q**3 + 13*q**2 - 5*q + 865. Let x = 70 - 20. Calculate the remainder when x is divided by j(16).
16
Let p(v) = -4*v**2 - 4*v + 43. Let i be p(-11). Let f = 430 + i. Calculate the remainder when 129 is divided by f.
30
Suppose -2*o - 1261*w + 1266*w = -75, -2*o = -3*w - 57. What is the remainder when 158 is divided by o?
8
Let x be (0 + -1)/((-1)/(-12)*-3). Suppose -4*v - x*k = -44, -2*v + 1 + 9 = -k. What is the remainder when 12 is divided by v?
5
Let u be (32/(-39) + (-68)/(-442))*-9. Suppose 81 = u*y + 57. What is the remainder when 270 is divided by y?
2
Let n(k) = -538*k**3 - 36*k**2 - 8*k + 2. What is the remainder when n(-2) is divided by 42?
20
Suppose 73*d - 3869 = 4161. Calculate the remainder when d is divided by 43.
24
Let o = -1139 - -1147. Suppose -3*g = 3*v - 108, 2*v = 2*g + v - 57. What is the remainder when g is divided by o?
7
Let h(g) = 65*g - 476. What is the remainder when 447 is divided by h(8)?
7
Let x be 2/4 - 2/(4/(-37)). Let v = x + -1. Let s = v + -14. What is the remainder when 8 is divided by s?
0
Suppose 250*r - 247*r + 9 = 0, -2*t = 2*r - 8. What is the remainder when 1089 is divided by t?
4
Suppose o + 10*b - 11*b - 681 = 0, 2*b - 3419 = -5*o. What is the remainder when o is divided by 170?
3
Let b(i) = 15*i - 114. What is the remainder when 171 is divided by b(10)?
27
Let i(d) = 10*d - 1. What is the remainder when i(21) is divided by ((-12)/(-4) - 3) + 9 + 1?
9
Let w(v) = -3*v + 21 + 33*v - 10*v - 12*v. Calculate the remainder when 181 is divided by w(4).
22
Let p = -198 - -190. Calculate the remainder when 36 is divided by (-3)/7 + 51*p/(-21).
17
Let a(c) = c**3 - 8*c**2 + 41*c - 213. What is the remainder when 122 is divided by a(7)?
22
Let p(g) be the third derivative of 3*g**4/8 - 15*g**3/2 + 2*g**2 - 6*g. Calculate the remainder when p(14) is divided by 28.
25
Let s(z) = 8*z**3 - 17*z**2 + 37*z - 2. What is the remainder when s(3) is divided by 15?
7
Calculate the remainder when (-76452)/(-506) - (20/(-22) - -1) is divided by 68.
15
Suppose 0 = -2*v + 4*x + 152, 81*x - 77*x + 66 = v. Let o = 161 - 0. What is the remainder when o is divided by v?
75
Let g be (-2 - (-62)/8) + 18/(-24). Suppose 4*k = -g + 249. What is the remainder when k is divided by 9?
7
What is the remainder when 6/22 + (-1431336)/(-506) is divided by 81?
75
Suppose 0 = 204*k + 430859 - 1538579. What is the remainder when k is divided by 143?
139
Let c be ((-4)/(-5))/(11/(-165)). Let s = -196 + 213. Calculate the remainder when c/(-21) - (-1616)/14 is divided by s.
14
Let p = 28 - 26. Calculate the remainder when (-2260)/(-36) + (-4)/(-18) is divided by 62/5 + 1 + p/(-5).
11
Let y = -7178 + 7921. Calculate the remainder when y is divided by 64.
39
Let q(z) = 77*z**2 - 48*z + 84. What is the remainder when q(-6) is divided by 22?
20
Let b = 439 - 447. Let c be 17/2*(-4)/(-2). Let w = c + b. Calculate the remainder when 26 is divided by w.
8
Suppose f = 5*w + 2*f + 452, 2*w - 4*f = -172. Calculate the remainder when (6/(-1))/(19/22 + -1) is divided by 14/(-105) - 52*21/w.
8
Suppose -17*y - 124 + 617 = 0. Let n = y + -14. What is the remainder when 15 is divided by n?
0
Let c be (-8*(-41)/10)/(4/70). Let u = 657 - c. What is the remainder when u is divided by (3*-1)/(3/(-21))?
20
Let i(c) = c**2 + 7*c - 2. Let g(f) = f**2 + 8*f - 1. Let d(l) = 2*g(l) - 3*i(l). Calculate the remainder when 117 is divided by d(-4).
5
Suppose r = 152 + 84. Calculate the remainder when r is divided by 475 + -473 - ((-1)/(-3))/((-1)/15).
5
Let p(u) = -31*u + 275. What is the remainder when p(4) is divided by 39?
34
Let k(m) = -4*m + 32. Let x be k(18). Let t = 284 + x. Suppose n + t = 5*n. What is the remainder when n is divided by 16?
13
Let u(f) = -3*f**3 - 38*f**2 - 31*f - 22. Calculate the remainder when 440 is divided by u(-12).
6
Let j = 164 - 170. Calculate the remainder when 12 is divided by -4 - 6/j - (-8)/1.
2
Let k be (-4 + 0 + 118)*1. Let b = 90 + -85. Suppose -b*w + l = -3*w - 233, -w = 2*l - k. Calculate the remainder when w is divided by 39.
38
Suppose 12*p - 12*p - 16*p + 50400 = 0. What is the remainder when p is divided by 117?
108
Let f be (-1148)/(-26) - 4/26. Let z be 3/(f/(-8) + 4). What is the remainder when 116*-2*(-2)/(-16)*z is divided by 17?
7
Suppose 3*g - 1843 = 18284. What is the remainder when g is divided by 61?
60
Suppose 21*b - 16*b - 58 = -2*k, 0 = -4*k - 4. What is the remainder when 12873 is divided by b?
9
Suppose -4*p + 29950 = 3*a, -7488 = 27*p - 28*p - a. Calculate the remainder when p is divided by 16.
14
Let c = -318 - -543. What is the remainder when 2046 is divided by c?
21
Suppose 143*d - 111*d = 800. Let t = 35 + -34. What is the remainder when (